e prime factors of 353075820?
2, 3, 5, 503, 11699
List the prime factors of 123237236.
2, 30809309
List the prime factors of 34530277.
19, 1817383
List the prime factors of 134740546.
2, 67370273
What are the prime factors of 5301102143?
4217, 1257079
What are the prime factors of 4155211267?
4155211267
What are the prime factors of 103251452?
2, 31, 832673
List the prime factors of 88661943.
3, 9851327
What are the prime factors of 1189146837?
3, 71, 211, 26459
List the prime factors of 380572769.
971, 391939
What are the prime factors of 344858134?
2, 41, 4205587
What are the prime factors of 117199435?
5, 47, 349, 1429
What are the prime factors of 257189398?
2, 79, 1627781
List the prime factors of 174746509.
7, 4229, 5903
List the prime factors of 57106552.
2, 19, 157, 2393
What are the prime factors of 7232991904?
2, 17, 179, 74279
List the prime factors of 1982184362.
2, 2411, 411071
List the prime factors of 345805074.
2, 3, 71, 270583
What are the prime factors of 280774394?
2, 127, 223, 4957
What are the prime factors of 130966110?
2, 3, 5, 11, 263, 503
What are the prime factors of 1417860949?
571, 2483119
List the prime factors of 254008231.
254008231
List the prime factors of 95185483.
9127, 10429
What are the prime factors of 68887624?
2, 13, 593, 1117
What are the prime factors of 1012482466?
2, 506241233
List the prime factors of 83816705.
5, 7, 313, 1093
List the prime factors of 422838207.
3, 11, 41, 104173
List the prime factors of 983602770.
2, 3, 5, 32786759
What are the prime factors of 501102804?
2, 3, 173, 281, 859
List the prime factors of 390573871.
73, 211, 25357
List the prime factors of 5182899262.
2, 2591449631
What are the prime factors of 56494300?
2, 5, 229, 2467
List the prime factors of 3244962039.
3, 11, 61, 509, 3167
What are the prime factors of 17603866?
2, 7, 419, 3001
List the prime factors of 2549726.
2, 1051, 1213
List the prime factors of 80550465.
3, 5, 773, 6947
What are the prime factors of 2234471141?
7, 29, 179, 61493
List the prime factors of 50626737.
3, 7, 677, 1187
What are the prime factors of 37805226?
2, 3, 193, 32647
What are the prime factors of 228029760?
2, 3, 5, 7, 11311
What are the prime factors of 35585167?
1693, 21019
What are the prime factors of 16401979?
11, 557, 2677
List the prime factors of 822982355.
5, 13, 601, 21067
What are the prime factors of 210372727?
31, 43, 97, 1627
What are the prime factors of 257560415?
5, 7, 179, 839
List the prime factors of 27874659.
3, 9291553
What are the prime factors of 167906490?
2, 3, 5, 1619, 3457
List the prime factors of 1050365270.
2, 5, 105036527
List the prime factors of 1572836896.
2, 1151, 42703
List the prime factors of 181812386.
2, 7, 12986599
List the prime factors of 1132044700.
2, 5, 19, 137, 4349
What are the prime factors of 253151203?
137, 1277, 1447
What are the prime factors of 303262791?
3, 13, 7775969
What are the prime factors of 2509533475?
5, 100381339
What are the prime factors of 118303613?
118303613
What are the prime factors of 54590065?
5, 41, 266293
List the prime factors of 80862012.
2, 3, 7, 11, 31, 941
List the prime factors of 148297500.
2, 3, 5, 13
List the prime factors of 322617022.
2, 7, 13, 1237, 1433
What are the prime factors of 17699676?
2, 3, 367, 4019
List the prime factors of 52571342.
2, 26285671
What are the prime factors of 4578717416?
2, 7, 13, 6289447
What are the prime factors of 303646900?
2, 5, 193, 15733
What are the prime factors of 48287206?
2, 11, 1231, 1783
What are the prime factors of 1010115921?
3, 2309, 145823
List the prime factors of 397939701.
3, 132646567
List the prime factors of 2000555356.
2, 71, 7044209
List the prime factors of 30084531.
3, 10028177
List the prime factors of 58834209.
3, 7, 397, 7057
What are the prime factors of 144261583?
144261583
List the prime factors of 4386944692.
2, 13, 4229, 19949
List the prime factors of 2553033.
3, 7, 61, 1993
What are the prime factors of 144086018?
2, 607, 118687
What are the prime factors of 83029280?
2, 5, 518933
List the prime factors of 52582847.
52582847
What are the prime factors of 224792596?
2, 7, 59, 2777
List the prime factors of 71370142.
2, 67, 103, 5171
What are the prime factors of 1787854382?
2, 31, 28836361
What are the prime factors of 1875799184?
2, 7, 383, 6247
List the prime factors of 28051066.
2, 719, 19507
What are the prime factors of 97702858?
2, 11, 1889, 2351
What are the prime factors of 144494706?
2, 3, 43, 283, 1979
What are the prime factors of 122805384?
2, 3, 13, 31, 12697
What are the prime factors of 176814614?
2, 73, 1211059
List the prime factors of 145495697.
29, 5017093
What are the prime factors of 1436006532?
2, 3, 119667211
List the prime factors of 247648117.
191, 1296587
What are the prime factors of 1944137150?
2, 5, 1021, 38083
List the prime factors of 8276330.
2, 5, 827633
What are the prime factors of 262993652?
2, 65748413
What are the prime factors of 733425418?
2, 11, 33337519
What are the prime factors of 4841126711?
57041, 84871
What are the prime factors of 222992875?
5, 7, 743
What are the prime factors of 328277654?
2, 53, 3096959
List the prime factors of 2732175.
3, 5, 12143
List the prime factors of 1540168872.
2, 3, 11, 23, 253651
What are the prime factors of 88086876?
2, 3, 43, 170711
What are the prime factors of 18737396?
2, 47, 99667
What are the prime factors of 550654952?
2, 68831869
List the prime factors of 2716160837.
13, 208935449
What are the prime factors of 4416337801?
23, 192014687
What are the prime factors of 251939629?
41, 6144869
What are the prime factors of 64403556?
2, 3, 7, 61, 12569
What are the prime factors of 109682264?
2, 13710283
What are the prime factors of 287664622?
2, 7, 937, 21929
What are the prime factors of 54050893?
13, 47, 88463
List the prime factors of 1487648531.
73, 20378747
List the prime factors of 37999628.
2, 29, 327583
List the prime factors of 184112870.
2, 5, 2971, 6197
What are the prime factors of 240310077?
3, 7, 401, 28537
List the prime factors of 25957309.
7, 529741
What are the prime factors of 2879532697?
2879532697
List the prime factors of 102014747.
101, 541, 1867
List the prime factors of 164727140.
2, 5, 173, 47609
List the prime factors of 132243949.
7253, 18233
List the prime factors of 54819737.
7, 7831391
List the prime factors of 47654544.
2, 3, 7, 141829
List the prime factors of 1812360674.
2, 139, 6519283
List the prime factors of 33623830.
2, 5, 3362383
List the prime factors of 41221435.
5, 8244287
What are the prime factors of 8769671?
17, 167, 3089
What are the prime factors of 99781156?
2, 37, 43, 15679
What are the prime factors of 586627412?
2, 7, 239, 1789
What are the prime factors of 455958729?
3, 113, 181, 2477
What are the prime factors of 141055378?
2, 6091, 11579
List the prime factors of 78529039.
83, 946133
What are the prime factors of 2250410768?
2, 17, 19, 435451
List the prime factors of 755939016.
2, 3, 7, 19, 78941
What are the prime factors of 93469525?
5, 3738781
List the prime factors of 1208086764.
2, 3, 100673897
List the prime factors of 266989758.
2, 3, 7, 1913, 3323
List the prime factors of 3015088817.
13, 231929909
List the prime factors of 395694582.
2, 3, 2447, 26951
What are the prime factors of 89522282?
2, 421, 106321
List the prime factors of 64869456.
2, 3, 43, 53, 593
What are the prime factors of 58669736?
2, 7333717
What are the prime factors of 1128189429?
3, 19, 53, 281, 443
List the prime factors of 1888568144.
2, 118035509
What are the prime factors of 132205322?
2, 66102661
What are the prime factors of 12744960?
2, 3, 5, 3319
List the prime factors of 3317428697.
11, 29, 61, 170483
List the prime factors of 17443225.
5, 697729
What are the prime factors of 411980580?
2, 3, 5, 11, 61, 379
List the prime factors of 382578254.
2, 31, 73, 137, 617
List the prime factors of 240216387.
3, 151, 530279
What are the prime factors of 15229117?
15229117
What are the prime factors of 178507756?
2, 7, 6375277
What are the prime factors of 3808113801?
3, 29, 131, 334133
What are the prime factors of 409614977?
19, 4243, 5081
What are the prime factors of 521526965?
5, 73, 197, 7253
What are the prime factors of 772625813?
613, 1260401
List the prime 